 y(h) = 10*h - 392. What is the remainder when x(-4) is divided by y(40)?
3
Let v = 18555 + -18535. Calculate the remainder when (-141)/(-2)*4/3 is divided by v.
14
Suppose 0 = 24*g - 12*g - 3180. Let x(f) = 18*f - 1. Calculate the remainder when ((-30)/(-24))/(g/260 - 1) is divided by x(1).
14
Suppose m = 5*x + 610, 2497 = 4*m - 7*x + 6*x. Calculate the remainder when 1881 is divided by m.
6
Let u(o) = 293*o**3 - 11*o**2 - 48*o + 95. Calculate the remainder when u(2) is divided by 46.
45
Let j = -31 + 36. Suppose 5*v - v = -j*u + 196, -4*u = 2*v - 98. Calculate the remainder when 391 is divided by v.
48
Suppose -470353 = -107*w - 34970. Calculate the remainder when w is divided by 185.
184
Suppose 2*r = -8, 4*g = r + 4 + 8. Suppose h - 6*w = -7*w - 67, h - g*w + 58 = 0. What is the remainder when (-2)/((-60)/h + -1) is divided by 6?
2
Suppose -92*j + 748 = -81*j. Let t = -10 + 18. Suppose -11 = -g + t. Calculate the remainder when j is divided by g.
11
Suppose -1215 - 2265 = -8*m. What is the remainder when m is divided by 146?
143
Let n(g) = -g**3 - 7*g**2 + 5*g + 110. What is the remainder when 1333 is divided by n(-8)?
127
Suppose -4*t + 186 = 2*a, -2*t + 3*a + 117 = t. Calculate the remainder when (-12)/(-28) - 2060/(-28) is divided by t.
30
Let u = 231 + -121. Suppose 0 = -618*t + 428 + 9460. What is the remainder when u is divided by t?
14
Let p = -7339 + 7348. Calculate the remainder when 867 is divided by p.
3
Let p = -4698 - -13409. Suppose -13*o + p - 1925 = 0. What is the remainder when o is divided by 75?
72
Let f(z) = -5*z - 228. Calculate the remainder when f(-67) is divided by 85.
22
Let o = -77 + 80. Suppose 4*c - o*i = 13, -i - 8 = -3*c + 3*i. What is the remainder when 4/30*5 + 31/3 is divided by c?
3
Suppose 0 = -6*o - 8*o + 3094. Let w = -209 + o. What is the remainder when 117 is divided by w?
9
Let n(a) = 2*a + 114. Suppose 28*v = -6*v + 2618. Calculate the remainder when v is divided by n(-49).
13
Let z be (-1*(-2)/(-4))/(1/(-6)). Calculate the remainder when 9/z + 3/((-15)/(-40)) is divided by 5.
1
Let y(b) = 2*b**3 + 13*b**2 + 81*b + 441. Let w(k) = 52*k - 1. Let o be w(1). Let i = o - 35. Calculate the remainder when y(-5) is divided by i.
15
Let n(p) = -4*p - 1. Let l be n(-1). Let j(v) be the first derivative of v**3 + 2*v**2 - 12*v + 55. Calculate the remainder when 52 is divided by j(l).
25
Let t = -20615 + 20625. Let v(k) = -2*k + 18 + 8 + k. What is the remainder when v(0) is divided by t?
6
Suppose 3*a + 1296 = -a. Let h = a - -512. Let l = -93 + h. What is the remainder when l is divided by 6?
5
Suppose 2*y - 307 - 19 = 2*r, 5*y - r - 807 = 0. What is the remainder when y is divided by 14 + 32 - (6/(-4))/(36/(-24))*11?
21
What is the remainder when (-5)/(15/(-78))*(-750)/(-15) is divided by 20?
0
Suppose -2*b + b = 3*h - 4, -2*h + b + 6 = 0. Suppose 73 = 5*d + 2*v, -10 = -d - h*v + 3. Calculate the remainder when d is divided by 6.
3
Let b = -8361 - -8396. Calculate the remainder when b is divided by 14.
7
Let w be 817 + (-5 - (-4 + 4)). Suppose 55*u = 84*u - w. Calculate the remainder when 358 is divided by u.
22
Let q(a) = a**3 + 157*a**2 + 319*a + 1482. Suppose 0*v + 3*y + 165 = 5*v, 5*v - 4*y - 170 = 0. What is the remainder when q(-155) is divided by v?
27
Let j(q) = 10*q**2 - 42*q - 9. Calculate the remainder when 1701 is divided by j(5).
27
Let d be (2880/256)/((-1)/4*-1). Suppose 40*y = d*y - 265. Calculate the remainder when 128 is divided by y.
22
Suppose -5*d - 29 = -6*d - 4*l, -d + l + 39 = 0. Let i(w) = -7*w + 1. Let o(q) = -q - 13. Let r be o(-12). What is the remainder when d is divided by i(r)?
5
Suppose -3*s + 0*s - 4*k + 390 = 0, 4*s = 3*k + 495. Suppose -10*c = -4*c - s. What is the remainder when c is divided by 9?
3
What is the remainder when 8 is divided by 3/((-30)/(-4)) - (-248)/155?
0
Let n(p) = 2*p. Let b be n(2). Suppose -b*s + 218 = -10. Calculate the remainder when s is divided by 20.
17
Suppose 12*j = 19*j - 7. Calculate the remainder when 5 is divided by j + -1 + 4 + -3.
0
Let b = -1246 - -1267. Let n(a) = 2*a**2 + 7*a - 2. Let r = 4 - -1. Calculate the remainder when n(r) is divided by b.
20
Let l(z) = -4*z - 6. Let s = -7535 - -7575. What is the remainder when s is divided by l(-5)?
12
Let y(s) = -14*s**3 + 2*s**2 + 2*s + 1. Suppose 484*v = 491*v. What is the remainder when y(-1) is divided by (-5)/(60/36) + v + 5?
1
Suppose -3*g = 4*t - 65 - 127, -3*g = -2*t + 114. Let f = t - 30. Calculate the remainder when f is divided by (-3)/(-1) - (5 - 10).
5
Let t = 41 - -83. Let z = 148 - t. Calculate the remainder when 44 is divided by z.
20
Suppose 109*q + 28 = 4*g + 107*q, -5*g + 44 = 2*q. Suppose 4 - 9 = -5*a - 5*t, -t + 5 = 0. Calculate the remainder when (a/(-10))/(3/165) is divided by g.
6
Let f = -591 - -598. What is the remainder when 228/(-32) + f + (-219)/(-24) is divided by 2?
1
Suppose 19*g - 2448 = 2701. What is the remainder when 824 is divided by g?
11
Let z = 3800 + -3160. Calculate the remainder when z is divided by 88.
24
Let y = 24937 + -24929. Let k be 4/(-14) - (-90)/21. Suppose s - 46 = -3*p, -s = -k*p + 3*p + 14. What is the remainder when p is divided by y?
7
Let l(j) = j**3 + 10*j**2 + 10*j - 9. Let y be l(-8). Let k = 38 - y. What is the remainder when 55 is divided by (k/(-3))/((-251)/63 + 4)?
13
Let x = 3590 - 3574. Calculate the remainder when 62 is divided by x.
14
Let y = 325 - 229. What is the remainder when 320 is divided by y?
32
Suppose 0 = -0*v + 4*v + 4820. Let d = 213 + v. Calculate the remainder when d/48*(1 - 7) is divided by 18.
16
Let m = -6 + 19. Let d(k) = 43*k + 356*k**2 - 322*k**2 - 17*k**3 - 36 + 15*k**3. Calculate the remainder when d(18) is divided by m.
12
Let s = 537 - 537. Suppose s = 7*u + 390 - 845. Calculate the remainder when u is divided by 17.
14
Let d(q) = 305*q + 969. What is the remainder when 1888 is divided by d(-3)?
52
Let m = -16 - -21. Let b = -112 - -150. Let f = b - 29. What is the remainder when f is divided by m?
4
Let f = 370 + -229. Let c = -29396 - -29412. Calculate the remainder when f is divided by c.
13
Suppose 0 = 3*k - 2*k - 84. Let s be (-1 + 6)/(-5)*1*-4. Suppose t = -s*w + 2*t + 65, 32 = w + 5*t. Calculate the remainder when k is divided by w.
16
Calculate the remainder when 121 is divided by 10/200*-12 + (-536)/(-10).
15
Let d = 3615 + -3592. What is the remainder when d is divided by 11?
1
Let w = 1670 - 1580. Calculate the remainder when 2878 is divided by w.
88
Let a = -144 + 241. Suppose -5*r = -4*h - 4*r + a, h = 5*r + 10. What is the remainder when h is divided by 9?
7
Suppose -3*y - 1317 + 1425 = 0. Suppose -13*j + 7*j + 366 = 0. What is the remainder when j is divided by y?
25
Let w = 430 + -263. Suppose -19*n + 14 = -17*n. What is the remainder when w is divided by n?
6
Let p(y) = y**3 + 128. Suppose -5*d - 40*d = -2250. Calculate the remainder when p(0) is divided by d.
28
Suppose 980 = 4*b + 4*o, 0 = 3*b - 11*o + 12*o - 741. What is the remainder when b is divided by 49?
3
Let p = -276 + 282. Let l(x) = x**2 - 5*x. Let a be l(5). Suppose 4*o + 3*z - 4*z - 82 = a, -o - 5*z + 10 = 0. Calculate the remainder when o is divided by p.
2
Let m(k) = -k**3 + 10*k**2 + 2*k + 11. Suppose -z - 3*z + 1625 = 5*x, 3*z = -2*x + 1210. What is the remainder when z is divided by m(10)?
28
Suppose -321 = 6*k + 63. Let m = -104 + 197. Calculate the remainder when m is divided by k/6*(-36)/16.
21
Let v = 132839 - 132806. Suppose -2*o = -215 - 303. Let w = o - 164. What is the remainder when w is divided by v?
29
Let j(s) = 6*s + 37. Let p(d) = d**3 - 9*d**2 + 8*d. Let i be p(8). Suppose -o + 54 = -i. What is the remainder when o is divided by j(-3)?
16
Suppose 8*v + 8*v - 56 = 9*v. Suppose -6 = 5*d + 9, d = -4*g + 33. Suppose -u + 3*i - g + 28 = 0, -2 = -2*i. Calculate the remainder when u is divided by v.
6
Suppose 6*o = -7*o - 8151. Let j = o - -672. Calculate the remainder when j is divided by 24.
21
Let n = 1111 + -1117. Suppose 0 = m - 15 - 49. Calculate the remainder when m is divided by (-10)/(-10)*n - -16.
4
Suppose 227*n - 48*n - 3759 = 0. What is the remainder when 7706 is divided by n?
20
Let s(t) = t**2 + 24*t + 2. Let j be s(-10). Let d be 1462/(-18) - 6/(-27). Let a = d - j. What is the remainde